**3 - 12*l**2. Let p(c) = o(c) - 2*x(c). Calculate p(4).
-13
Let h(b) = b**3 + 5*b**2 + 4*b - 2. Suppose 15 + 25 = 4*p. Let j = 5 - p. Let l = j + 1. Determine h(l).
-2
Let m(u) = -3*u - 10. Let g(w) = w**3 + 14*w**2 - 32*w - 5. Let x be g(-16). Determine m(x).
5
Suppose k + 6 = 2*k. Let v be 3*4*(-6)/(-9). Let t(y) = 0 + v*y + 2*y - 5 - 3*y - y**2. Give t(k).
1
Let w(z) = 3*z + 2 - z - 9*z + 1 - 2*z**3 - 21*z**2. Let u(g) = 3*g**3 + 32*g**2 + 11*g - 4. Let d(c) = -5*u(c) - 8*w(c). Determine d(-8).
-12
Suppose 2 = d + m, -3*d + m + 6 = -4. Suppose a + 4*x - 13 = 0, -a = -x + d*x - 7. Let j be (7/(-14))/(a/(-10)). Let l(c) = -c**2 + 5*c + 1. What is l(j)?
1
Suppose -31*m + 43*m - 48 = 0. Let j(r) = -2*r**3 - r**2 + 5*r**2 + r**3 - 1. Give j(m).
-1
Let j be (-2 - -1) + 1 - -19 - -1. Let y(a) = -2 + 9*a - 41*a + j*a + 11*a. Determine y(-4).
2
Let m(f) be the third derivative of -19*f**2 + 1/60*f**5 + 0*f + 0 + 1/4*f**4 - 5/6*f**3. What is m(-5)?
-10
Let v(z) = z - 2. Let b(a) = a**2 - a. Let m(w) = 3*w**2 + 4*w + 3. Let p(g) = 2*b(g) - m(g). Let t = -194 + 189. Let q be p(t). Calculate v(q).
0
Suppose -5*g + 42 = 12. Let f be 6/9 - 21/(-9). Suppose g*u = f*u. Let n(q) = -q**3 - q**2 + q - 6. Calculate n(u).
-6
Let i(a) = -a**2 + 3*a + 1. Suppose -24 = -10*v + 2*v. Suppose v + 24 = 9*y. Determine i(y).
1
Let g(s) = -2*s**3 - 3*s**2 - s - 1. Let b = -11 + 13. Suppose -4*k = -b*k + 4. Calculate g(k).
5
Let j(y) be the second derivative of -y**6/240 + y**5/24 - 5*y**4/12 - y. Let o(x) be the third derivative of j(x). Let k be (-4)/6*18/(-3). Determine o(k).
-7
Let g be ((-12)/(-9))/((-12)/18). Let d be g/(-3)*(-21)/(-7). Let k(x) = -3*x**2 + 2*x + 1. What is k(d)?
-7
Let v(j) = -j. Let y(s) = s**3 - 3*s**2 - 3*s - 9. Let m(x) = 3*v(x) - y(x). Let q(l) = -1. Let f(a) = -m(a) - 5*q(a). Suppose 30*r - 9 = 27*r. What is f(r)?
-4
Suppose 4*m = -5*v - 28 - 14, 5*m = 2*v - 3. Let l(d) = d**3 + 6*d**2 - d - 8. Calculate l(v).
-2
Let z(b) = -b**2 - 7*b. Let h(q) = -q**3 + 7*q**2 - 5*q. Let g be h(5). Suppose c - 3*c = c. Suppose g = -5*t - c*t. Give z(t).
10
Let j(g) be the third derivative of g**6/120 + g**5/12 - g**4/12 - g**3 - 4*g**2. Suppose -5*y + 20 = -4*p, 15 = -2*p - p + y. Calculate j(p).
4
Let f(y) = -y**3 + 5*y**2 + 5*y - 28. Let p be f(5). Suppose -3*c + 2 = -1. Let x(v) = c + 3*v + 3 - 2*v. Calculate x(p).
1
Let f = 14 + 1. Let o(d) = f*d + 2 - 5 - d**2 - 21*d. Calculate o(-7).
-10
Let g(c) = c**3 - 5*c**2 - 3*c + 22. Let j = -168 - -173. Calculate g(j).
7
Let w(y) = 3*y**2 - 21*y - 4. Let l(z) = -2*z**2 + 15*z + 3. Let b(p) = -7*l(p) - 5*w(p). Calculate b(-4).
-17
Let i(f) = f + 6. Let k(q) be the second derivative of -q**3/3 - q**2/2 + q. Let t be k(-1). Let p(n) = n**2 - 2*n + 1. Let h be p(t). Determine i(h).
6
Let b(s) be the second derivative of -s**2 - 26*s + 1/6*s**4 + 0 - 1/6*s**3. Determine b(-2).
8
Let h be (-3)/(2/88*6). Let z be 52/(-208) + -1 + h/8. Let n(s) be the second derivative of s**5/20 + s**4/4 - 5*s**3/6 - s**2/2 + s. Calculate n(z).
3
Let s(q) = q**2 + 6*q + 3. Let t be (1/(-6)*-20)/((-2)/(-3)). Suppose -t*o = -3*d + 7, 3*d = o - 16 + 3. Calculate s(d).
3
Let y(t) be the third derivative of -t**5/60 + t**3/3 - 72*t**2. Give y(-3).
-7
Let c(t) be the second derivative of -t**3/6 + 21*t**2/2 - 3*t + 216. What is c(24)?
-3
Let v(k) = -2*k - 3. Let h(o) = -o - 3 + 1 - 1. Let n be 46/(-14) - -3 - 86/(-301). Let u be h(n). What is v(u)?
3
Let x(f) = 3 + 0 + f**2 - 9*f + 4 + 1. Let i = 20 - 14. Determine x(i).
-10
Let f = 60 - 9. Let m = f + -55. Let b(h) be the third derivative of h**5/60 + h**4/6 + h**3/3 + h**2. Calculate b(m).
2
Let r = -76 - 3. Let x be 20/(-70) - r/7. Suppose -3*s = 4 + x. Let a(t) = t + 3. Calculate a(s).
-2
Let p(j) = -1050*j**2 - 3 + j + 518*j**2 + 526*j**2 + 0 - j**3. What is p(-7)?
39
Let t(v) = -5*v**3 - 12*v**2 - 6*v + 8. Let n(k) = 6*k**3 + 13*k**2 + 6*k - 9. Suppose 5*j + 6 + 24 = 0. Let r(y) = j*n(y) - 7*t(y). Give r(7).
-9
Let i(j) be the first derivative of j**4/4 + j**3/3 + j**2/2 - 8*j - 3. Let k = -18 - -18. Give i(k).
-8
Let w = -2/113 - -569/226. Let k(s) be the first derivative of -w*s**2 + 4 - s. Calculate k(1).
-6
Let d(k) = 101*k + 697. Let h be d(-7). Let f(o) = -o**3 - 11*o**2 - 7*o + 25. Determine f(h).
-5
Let p(r) = -r**2 - 3*r + 5. Let k be p(1). Let x(l) = -17*l - 1. What is x(k)?
-18
Let u(y) be the second derivative of 7*y + 0 - y**2 + 1/3*y**3. Give u(3).
4
Let t be (1 + -13)*1/(-2). Let b be ((-1)/((-3)/t))/(-2). Let o(c) = 10*c**3 - 13*c**3 + c + 10*c**3. What is o(b)?
-8
Let b(u) = 2*u**3 + 5*u**2 - u + 2. Let h(n) = 3*n**3 + 10*n**2 - n + 4. Let r(d) = -5*b(d) + 3*h(d). Calculate r(6).
-22
Let i(y) be the second derivative of -y**4/4 - 2*y**3/3 - 3*y**2/2 + 157*y - 2. Give i(-5).
-58
Let d(c) = 12*c + 1. Suppose -3*f - 92 + 98 = 0. Calculate d(f).
25
Let f(x) = -x**2 - x. Let n(y) = -y**3 + 3*y**2 + 4*y - 15. Let o(i) = 3*f(i) + n(i). What is o(0)?
-15
Let r(z) = -z + 1. Let k(p) = -p + 8. Let l be k(11). Let w = -5 - l. Calculate r(w).
3
Suppose 3*i + 27 = 4*c + 13, -2*c + 16 = 3*i. Let f(u) be the first derivative of 1/4*u**4 - 5/2*u**i + 4*u + 3 - 4/3*u**3. Determine f(5).
4
Let d(a) = -16*a - 595. Let q be d(-37). Let f(l) = -l**2 - l + 4. Give f(q).
-2
Let l(h) = 5 - 3*h - 2*h - h**2 + 0. Let o be l(-5). Let x(c) = c - 4*c + 3*c - 17 + 14 + c. Determine x(o).
2
Let y(h) be the first derivative of h**2/2 - 13*h - 98. Determine y(7).
-6
Suppose 6*z + 9 = 27. Let q(y) = 6 + 0 - y**3 + 0*y - z - y. Let g be -1 + 3 + (-2 - 0). What is q(g)?
3
Let f(s) = -2*s - 23. Let z(u) = 6*u + 67. Let l(i) = 7*f(i) + 2*z(i). Calculate l(-15).
3
Let z(m) = 13*m**3 - m**2 + m + 1. Let f be (-11 - -21)*(-22)/4. Let t = 54 + f. Give z(t).
-14
Let z(l) = -18*l + 14. Let p(c) = 11*c - 14. Let j(o) = -3*p(o) - 2*z(o). Give j(-7).
-7
Let t(a) be the second derivative of a**5/20 - 7*a**4/12 + 7*a**3/6 + 3*a**2 + a + 78. Determine t(6).
12
Let w(t) = -4*t**2 + 2. Let p(s) = s**2. Let r(v) = p(v) + w(v). Let i = 15 + -13. Let j be ((-52)/65)/(i/(-5)). What is r(j)?
-10
Let k(q) = 7*q**2 - 1. Let v(y) = -20*y**2 + 3. Let u(w) = 17*k(w) + 6*v(w). Let m = -12 + 16. Suppose 5*s = 3*x + 29, 2*s - 12 = -m. Calculate u(x).
-8
Let k(f) be the third derivative of -f**4/4 + f**3/6 + 92*f**2. Give k(-2).
13
Let c = -3 - -5. Let n(y) = -2*y**3 - 4*y**2 - 3*y - 2. Let s(o) = 3*o**2 + 2*o + 3*o**3 + 4 - 2*o**3 - 3. Let d(u) = 2*n(u) + 3*s(u). Determine d(c).
-5
Let k(z) = z**3 + z**2 - z + 1. Let v be k(1). Let s(u) = -16*u**3 - u - 3 + v + 3*u - 2*u**2. What is s(1)?
-17
Let g(c) = c**2 - 4*c - 20. Let p be g(7). Let j(i) = 2*i - 3*i**2 + p + i**2 + 0 - 3. What is j(2)?
-6
Let a(b) = b + 1. Suppose 167*q + 108 = 179*q. Give a(q).
10
Let g(p) = -p**3 - 8*p**2 - 5*p + 8. Let c = -72 - -72. Suppose -4*s - 3*v - 37 = c, -2*s + 3*s + 4 = v. Determine g(s).
-6
Let t be (-4)/(-16)*0 - -3. Let p(y) = -y**2 + 5*y**3 - y**3 - 5*y**t + 14. Give p(0).
14
Let i(k) = k**2 - 9*k + 19. Let d be i(8). Let b(h) = h**2 - 12*h + 13. Give b(d).
2
Suppose 15 = 2*c + 3*c. Let q(b) = -c*b + 11 - 4 + b + 4*b. Give q(-5).
-3
Suppose 4*g = -16, 0 = 2*a + g + 4*g + 22. Let j(n) be the second derivative of 8*n**3/3 - n**2/2 - n. What is j(a)?
-17
Suppose -a + 3*v = -5, -a = -5*a + v + 31. Let z = 3 - a. Let w(c) = c**3 + 5*c**2 + c - 6. Calculate w(z).
-11
Let o(m) = 8*m**3 - 2*m - 1. Let w = -66 + 70. Let v be w + (-4 - 0) + -1. Give o(v).
-7
Let n(p) = 7*p - 1. Let m(d) = -3*d - 2. Let o be m(-1). Let b = o + 17. Let i be b/(-24)*(-8)/6. Calculate n(i).
6
Let j be ((-69)/207)/((-2)/(-36)). Let i(t) = -8*t - 4. Calculate i(j).
44
Let n(x) = -1 + 2*x**2 + 9*x**3 + 852*x - 852*x. Give n(1).
10
Let c(j) be the first derivative of j**4/4 + j**3/3 - j**2/2 - j + 2. Let f(m) = -m - 9. Let n be f(-7). Determine c(n).
-3
Let m(f) = -f**3 - 9*f**2. Suppose -63 = 12*j - 5*j. Determine m(j).
0
Let k = 25 + -22. Suppose -2*f = 5*p - 31, 2*p = f + k*p - 11. Suppose f = 2*r, 5*r - r = 5*h + 21. Let z(u) = -5*u**3 - u. Calculate z(h).
6
Let f(n) = n**3 + 3*n**2 - 3*n. Let j = 17 + -16. Let m(b) = b**2 + j + b - 2*b**2 - 3*b**2 + 0*b. Let c be m(-1). Determine f(c).
-4
Let q = 458 - 448. Let t(v) = v**2 - 13*v + 9. What is t(q)?
-21
Let p(r) = -14